{"id":754,"date":"2023-12-11T09:24:18","date_gmt":"2023-12-11T09:24:18","guid":{"rendered":"https:\/\/prodimax.es\/ioreabogados\/?page_id=754"},"modified":"2024-03-25T12:51:08","modified_gmt":"2024-03-25T12:51:08","slug":"abogadofernandoisasipamplona","status":"publish","type":"page","link":"https:\/\/ioreabogados.com\/index.php\/nuestroequipoabogadospamplona\/abogadofernandoisasipamplona\/","title":{"rendered":"Fernando Isasi Ortiz de Barr\u00f3n"},"content":{"rendered":"<div data-colibri-id=\"754-c1\" class=\"style-691 style-local-754-c1 position-relative\">\r\n  <!---->\r\n  <div data-colibri-component=\"section\" data-colibri-id=\"754-c2\" id=\"about\" class=\"h-section h-section-global-spacing d-flex align-items-lg-center align-items-md-center align-items-center style-697 style-local-754-c2 position-relative\">\r\n    <!---->\r\n    <!---->\r\n    <div class=\"h-section-grid-container h-section-boxed-container\">\r\n      <!---->\r\n      <div data-colibri-id=\"754-c3\" class=\"h-row-container gutters-row-lg-0 gutters-row-md-0 gutters-row-0 gutters-row-v-lg-0 gutters-row-v-md-0 gutters-row-v-0 style-698 style-local-754-c3 position-relative\">\r\n        <!---->\r\n        <div class=\"h-row justify-content-lg-center justify-content-md-center justify-content-center align-items-lg-stretch align-items-md-stretch align-items-stretch gutters-col-lg-0 gutters-col-md-0 gutters-col-0 gutters-col-v-lg-0 gutters-col-v-md-0 gutters-col-v-0\">\r\n          <!---->\r\n          <div class=\"h-column h-column-container d-flex h-col-lg-auto h-col-md-auto h-col-auto style-699-outer style-local-754-c4-outer\">\r\n            <div data-colibri-id=\"754-c4\" class=\"d-flex h-flex-basis h-column__inner h-ui-empty-state-container h-px-lg-0 h-px-md-0 h-px-0 v-inner-lg-0 v-inner-md-0 v-inner-0 style-699 style-local-754-c4 position-relative\">\r\n              <!---->\r\n              <!---->\r\n              <div class=\"w-100 h-y-container h-column__content h-column__v-align flex-basis-100\">\r\n                <!---->\r\n              <\/div>\r\n            <\/div>\r\n          <\/div>\r\n          <div class=\"h-column h-column-container d-flex h-col-lg-auto h-col-md-auto h-col-auto style-700-outer style-local-754-c5-outer\">\r\n            <div data-colibri-id=\"754-c5\" class=\"d-flex h-flex-basis h-column__inner h-px-lg-2 h-px-md-2 h-px-2 v-inner-lg-2 v-inner-md-2 v-inner-2 style-700 style-local-754-c5 position-relative\">\r\n              <!---->\r\n              <!---->\r\n              <div class=\"w-100 h-y-container h-column__content h-column__v-align flex-basis-100 align-self-lg-start align-self-md-start align-self-start\">\r\n                <!---->\r\n                <div data-colibri-id=\"754-c6\" class=\"h-global-transition-all h-heading style-701 style-local-754-c6 position-relative h-element\">\r\n                  <!---->\r\n                  <div class=\"h-heading__outer style-701 style-local-754-c6\">\r\n                    <!---->\r\n                    <!---->\r\n                    <h5 class=\"\">Fernando Isasi Ortiz de Barr\u00f3n<\/h5>\r\n                  <\/div>\r\n                <\/div>\r\n                <div data-colibri-id=\"754-c7\" class=\"h-text h-text-component style-703 style-local-754-c7 position-relative h-element\">\r\n                  <!---->\r\n                  <!---->\r\n                  <div class=\"\">\r\n                    <ul>\r\n                      <li>Licenciado en Derecho por la Universidad de Navarra, en 1993. Premio extraordinario fin de carrera.\r\n                        <br>\r\n                        <br>\r\n                      <\/li>\r\n                      <li>Letrado en ejercicio, colegiado en el MI Colegio de Abogados de Pamplona, desde 1993, desempe\u00f1ando la actividad profesional especialmente en el \u00e1rea del Derecho Administrativo.\r\n                        <br>\r\n                        <br>\r\n                      <\/li>\r\n                      <li>Profesor Asociado de la Universidad P\u00fablica de Navarra, Departamento de Derecho, \u00c1rea de Derecho Administrativo.<\/li>\r\n                      <li>Coautor de obras y art\u00edculos relativos al Derecho Administrativo (Tr\u00e1fico, circulaci\u00f3n de veh\u00edculos a motor y seguridad vial, Editorial Civitas, SA, de 2004, o \u00abPr\u00e1ctico de Urbanismo y Medioambiente\u00bb, Editorial Aranzadi, Thomson\r\n                        Reuters Aranzadi).\r\n                        <br>\r\n                        <br>\r\n                      <\/li>\r\n                      <li>Letrado externo del Departamento de Derecho de Editorial Aranzadi, Thomson Company, desde 1993, como colaborador en el an\u00e1lisis de jurisprudencia de los \u00f3rganos jurisdiccionales en materia contencioso-administrativa.&nbsp;<\/li>\r\n                    <\/ul>\r\n                    <p>\r\n                      <br>\r\n                    <\/p>\r\n                  <\/div>\r\n                <\/div>\r\n                <div data-colibri-id=\"754-c8\" class=\"h-x-container style-721 style-local-754-c8 position-relative h-element\">\r\n                  <!---->\r\n                  <div class=\"h-x-container-inner style-dynamic-754-c8-group style-721-spacing style-local-754-c8-spacing\"><span class=\"h-button__outer style-722-outer style-local-754-c9-outer d-inline-flex h-element\"><a h-use-smooth-scroll=\"true\" href=\"mailto: fernandoisasi@ioreabogados.com\"  data-colibri-id=\"754-c9\" class=\"d-flex w-100 align-items-center h-button justify-content-lg-center justify-content-md-center justify-content-center style-722 style-local-754-c9 position-relative\"><!----><!----> <span>fernandoisasi@ioreabogados.com<\/span><\/a>\r\n                    <\/span>\r\n                  <\/div>\r\n                <\/div>\r\n              <\/div>\r\n            <\/div>\r\n          <\/div>\r\n        <\/div>\r\n      <\/div>\r\n    <\/div>\r\n  <\/div>\r\n<\/div>","protected":false},"excerpt":{"rendered":"<p>Fernando Isasi Ortiz de Barr\u00f3n Licenciado en Derecho por la Universidad de Navarra, en 1993. Premio extraordinario fin de carrera. Letrado en ejercicio, colegiado en el MI Colegio de Abogados de Pamplona, desde 1993, desempe\u00f1ando la actividad profesional especialmente en el \u00e1rea del Derecho Administrativo. Profesor Asociado de la Universidad P\u00fablica de Navarra, Departamento de [&hellip;]<\/p>\n","protected":false},"author":1,"featured_media":0,"parent":337,"menu_order":0,"comment_status":"closed","ping_status":"closed","template":"page-templates\/full-width-page.php","meta":{"footnotes":""},"class_list":["post-754","page","type-page","status-publish","hentry"],"yoast_head":"<!-- This site is optimized with the Yoast SEO plugin v26.3 - https:\/\/yoast.com\/wordpress\/plugins\/seo\/ -->\r\n<title>Fernando Isasi Ortiz de Barr\u00f3n - Iore Abogados<\/title>\r\n<meta name=\"description\" content=\"Conoce la trayectoria profesional y perfil Fernando Isasi.\" \/>\r\n<meta name=\"robots\" content=\"index, follow, max-snippet:-1, max-image-preview:large, max-video-preview:-1\" \/>\r\n<link rel=\"canonical\" href=\"https:\/\/ioreabogados.com\/index.php\/nuestroequipoabogadospamplona\/abogadofernandoisasipamplona\/\" \/>\r\n<meta property=\"og:locale\" content=\"es_ES\" \/>\r\n<meta property=\"og:type\" content=\"article\" \/>\r\n<meta property=\"og:title\" content=\"Fernando Isasi Ortiz de Barr\u00f3n - Iore Abogados\" \/>\r\n<meta property=\"og:description\" content=\"Conoce la trayectoria profesional y perfil Fernando Isasi.\" \/>\r\n<meta property=\"og:url\" content=\"https:\/\/ioreabogados.com\/index.php\/nuestroequipoabogadospamplona\/abogadofernandoisasipamplona\/\" \/>\r\n<meta property=\"og:site_name\" content=\"Iore Abogados\" \/>\r\n<meta property=\"article:modified_time\" content=\"2024-03-25T12:51:08+00:00\" \/>\r\n<meta name=\"twitter:card\" content=\"summary_large_image\" \/>\r\n<meta name=\"twitter:site\" content=\"@IoreAbogados\" \/>\r\n<meta name=\"twitter:label1\" content=\"Tiempo de lectura\" \/>\n\t<meta name=\"twitter:data1\" content=\"1 minuto\" \/>\r\n<script type=\"application\/ld+json\" class=\"yoast-schema-graph\">{\"@context\":\"https:\/\/schema.org\",\"@graph\":[{\"@type\":\"WebPage\",\"@id\":\"https:\/\/ioreabogados.com\/index.php\/nuestroequipoabogadospamplona\/abogadofernandoisasipamplona\/\",\"url\":\"https:\/\/ioreabogados.com\/index.php\/nuestroequipoabogadospamplona\/abogadofernandoisasipamplona\/\",\"name\":\"Fernando Isasi Ortiz de Barr\u00f3n - Iore Abogados\",\"isPartOf\":{\"@id\":\"https:\/\/ioreabogados.com\/#website\"},\"datePublished\":\"2023-12-11T09:24:18+00:00\",\"dateModified\":\"2024-03-25T12:51:08+00:00\",\"description\":\"Conoce la trayectoria profesional y perfil Fernando Isasi.\",\"breadcrumb\":{\"@id\":\"https:\/\/ioreabogados.com\/index.php\/nuestroequipoabogadospamplona\/abogadofernandoisasipamplona\/#breadcrumb\"},\"inLanguage\":\"es\",\"potentialAction\":[{\"@type\":\"ReadAction\",\"target\":[\"https:\/\/ioreabogados.com\/index.php\/nuestroequipoabogadospamplona\/abogadofernandoisasipamplona\/\"]}]},{\"@type\":\"BreadcrumbList\",\"@id\":\"https:\/\/ioreabogados.com\/index.php\/nuestroequipoabogadospamplona\/abogadofernandoisasipamplona\/#breadcrumb\",\"itemListElement\":[{\"@type\":\"ListItem\",\"position\":1,\"name\":\"Portada\",\"item\":\"https:\/\/ioreabogados.com\/\"},{\"@type\":\"ListItem\",\"position\":2,\"name\":\"Nuestro Equipo\",\"item\":\"https:\/\/ioreabogados.com\/index.php\/nuestroequipoabogadospamplona\/\"},{\"@type\":\"ListItem\",\"position\":3,\"name\":\"Fernando Isasi Ortiz de Barr\u00f3n\"}]},{\"@type\":\"WebSite\",\"@id\":\"https:\/\/ioreabogados.com\/#website\",\"url\":\"https:\/\/ioreabogados.com\/\",\"name\":\"Iore Abogados\",\"description\":\"\",\"publisher\":{\"@id\":\"https:\/\/ioreabogados.com\/#organization\"},\"potentialAction\":[{\"@type\":\"SearchAction\",\"target\":{\"@type\":\"EntryPoint\",\"urlTemplate\":\"https:\/\/ioreabogados.com\/?s={search_term_string}\"},\"query-input\":{\"@type\":\"PropertyValueSpecification\",\"valueRequired\":true,\"valueName\":\"search_term_string\"}}],\"inLanguage\":\"es\"},{\"@type\":\"Organization\",\"@id\":\"https:\/\/ioreabogados.com\/#organization\",\"name\":\"Iore Abogados\",\"url\":\"https:\/\/ioreabogados.com\/\",\"logo\":{\"@type\":\"ImageObject\",\"inLanguage\":\"es\",\"@id\":\"https:\/\/ioreabogados.com\/#\/schema\/logo\/image\/\",\"url\":\"https:\/\/ioreabogados.com\/wp-content\/uploads\/2023\/11\/cropped-logoAbogadosPamplona-1.png\",\"contentUrl\":\"https:\/\/ioreabogados.com\/wp-content\/uploads\/2023\/11\/cropped-logoAbogadosPamplona-1.png\",\"width\":304,\"height\":109,\"caption\":\"Iore Abogados\"},\"image\":{\"@id\":\"https:\/\/ioreabogados.com\/#\/schema\/logo\/image\/\"},\"sameAs\":[\"https:\/\/x.com\/IoreAbogados\"]}]}<\/script>\r\n<!-- \/ Yoast SEO plugin. -->","yoast_head_json":{"title":"Fernando Isasi Ortiz de Barr\u00f3n - Iore Abogados","description":"Conoce la trayectoria profesional y perfil Fernando Isasi.","robots":{"index":"index","follow":"follow","max-snippet":"max-snippet:-1","max-image-preview":"max-image-preview:large","max-video-preview":"max-video-preview:-1"},"canonical":"https:\/\/ioreabogados.com\/index.php\/nuestroequipoabogadospamplona\/abogadofernandoisasipamplona\/","og_locale":"es_ES","og_type":"article","og_title":"Fernando Isasi Ortiz de Barr\u00f3n - Iore Abogados","og_description":"Conoce la trayectoria profesional y perfil Fernando Isasi.","og_url":"https:\/\/ioreabogados.com\/index.php\/nuestroequipoabogadospamplona\/abogadofernandoisasipamplona\/","og_site_name":"Iore Abogados","article_modified_time":"2024-03-25T12:51:08+00:00","twitter_card":"summary_large_image","twitter_site":"@IoreAbogados","twitter_misc":{"Tiempo de lectura":"1 minuto"},"schema":{"@context":"https:\/\/schema.org","@graph":[{"@type":"WebPage","@id":"https:\/\/ioreabogados.com\/index.php\/nuestroequipoabogadospamplona\/abogadofernandoisasipamplona\/","url":"https:\/\/ioreabogados.com\/index.php\/nuestroequipoabogadospamplona\/abogadofernandoisasipamplona\/","name":"Fernando Isasi Ortiz de Barr\u00f3n - Iore Abogados","isPartOf":{"@id":"https:\/\/ioreabogados.com\/#website"},"datePublished":"2023-12-11T09:24:18+00:00","dateModified":"2024-03-25T12:51:08+00:00","description":"Conoce la trayectoria profesional y perfil Fernando Isasi.","breadcrumb":{"@id":"https:\/\/ioreabogados.com\/index.php\/nuestroequipoabogadospamplona\/abogadofernandoisasipamplona\/#breadcrumb"},"inLanguage":"es","potentialAction":[{"@type":"ReadAction","target":["https:\/\/ioreabogados.com\/index.php\/nuestroequipoabogadospamplona\/abogadofernandoisasipamplona\/"]}]},{"@type":"BreadcrumbList","@id":"https:\/\/ioreabogados.com\/index.php\/nuestroequipoabogadospamplona\/abogadofernandoisasipamplona\/#breadcrumb","itemListElement":[{"@type":"ListItem","position":1,"name":"Portada","item":"https:\/\/ioreabogados.com\/"},{"@type":"ListItem","position":2,"name":"Nuestro Equipo","item":"https:\/\/ioreabogados.com\/index.php\/nuestroequipoabogadospamplona\/"},{"@type":"ListItem","position":3,"name":"Fernando Isasi Ortiz de Barr\u00f3n"}]},{"@type":"WebSite","@id":"https:\/\/ioreabogados.com\/#website","url":"https:\/\/ioreabogados.com\/","name":"Iore Abogados","description":"","publisher":{"@id":"https:\/\/ioreabogados.com\/#organization"},"potentialAction":[{"@type":"SearchAction","target":{"@type":"EntryPoint","urlTemplate":"https:\/\/ioreabogados.com\/?s={search_term_string}"},"query-input":{"@type":"PropertyValueSpecification","valueRequired":true,"valueName":"search_term_string"}}],"inLanguage":"es"},{"@type":"Organization","@id":"https:\/\/ioreabogados.com\/#organization","name":"Iore Abogados","url":"https:\/\/ioreabogados.com\/","logo":{"@type":"ImageObject","inLanguage":"es","@id":"https:\/\/ioreabogados.com\/#\/schema\/logo\/image\/","url":"https:\/\/ioreabogados.com\/wp-content\/uploads\/2023\/11\/cropped-logoAbogadosPamplona-1.png","contentUrl":"https:\/\/ioreabogados.com\/wp-content\/uploads\/2023\/11\/cropped-logoAbogadosPamplona-1.png","width":304,"height":109,"caption":"Iore Abogados"},"image":{"@id":"https:\/\/ioreabogados.com\/#\/schema\/logo\/image\/"},"sameAs":["https:\/\/x.com\/IoreAbogados"]}]}},"jetpack_sharing_enabled":true,"_links":{"self":[{"href":"https:\/\/ioreabogados.com\/index.php\/wp-json\/wp\/v2\/pages\/754","targetHints":{"allow":["GET"]}}],"collection":[{"href":"https:\/\/ioreabogados.com\/index.php\/wp-json\/wp\/v2\/pages"}],"about":[{"href":"https:\/\/ioreabogados.com\/index.php\/wp-json\/wp\/v2\/types\/page"}],"author":[{"embeddable":true,"href":"https:\/\/ioreabogados.com\/index.php\/wp-json\/wp\/v2\/users\/1"}],"replies":[{"embeddable":true,"href":"https:\/\/ioreabogados.com\/index.php\/wp-json\/wp\/v2\/comments?post=754"}],"version-history":[{"count":11,"href":"https:\/\/ioreabogados.com\/index.php\/wp-json\/wp\/v2\/pages\/754\/revisions"}],"predecessor-version":[{"id":4891,"href":"https:\/\/ioreabogados.com\/index.php\/wp-json\/wp\/v2\/pages\/754\/revisions\/4891"}],"up":[{"embeddable":true,"href":"https:\/\/ioreabogados.com\/index.php\/wp-json\/wp\/v2\/pages\/337"}],"wp:attachment":[{"href":"https:\/\/ioreabogados.com\/index.php\/wp-json\/wp\/v2\/media?parent=754"}],"curies":[{"name":"wp","href":"https:\/\/api.w.org\/{rel}","templated":true}]}}

Fernando Isasi Ortiz de Barrón

<div data-colibri-id="754-c1" class="style-691 style-local-754-c1 position-relative">
  <!---->
  <div data-colibri-component="section" data-colibri-id="754-c2" id="about" class="h-section h-section-global-spacing d-flex align-items-lg-center align-items-md-center align-items-center style-697 style-local-754-c2 position-relative">
    <!---->
    <!---->
    <div class="h-section-grid-container h-section-boxed-container">
      <!---->
      <div data-colibri-id="754-c3" class="h-row-container gutters-row-lg-0 gutters-row-md-0 gutters-row-0 gutters-row-v-lg-0 gutters-row-v-md-0 gutters-row-v-0 style-698 style-local-754-c3 position-relative">
        <!---->
        <div class="h-row justify-content-lg-center justify-content-md-center justify-content-center align-items-lg-stretch align-items-md-stretch align-items-stretch gutters-col-lg-0 gutters-col-md-0 gutters-col-0 gutters-col-v-lg-0 gutters-col-v-md-0 gutters-col-v-0">
          <!---->
          <div class="h-column h-column-container d-flex h-col-lg-auto h-col-md-auto h-col-auto style-699-outer style-local-754-c4-outer">
            <div data-colibri-id="754-c4" class="d-flex h-flex-basis h-column__inner h-ui-empty-state-container h-px-lg-0 h-px-md-0 h-px-0 v-inner-lg-0 v-inner-md-0 v-inner-0 style-699 style-local-754-c4 position-relative">
              <!---->
              <!---->
              <div class="w-100 h-y-container h-column__content h-column__v-align flex-basis-100">
                <!---->
              </div>
            </div>
          </div>
          <div class="h-column h-column-container d-flex h-col-lg-auto h-col-md-auto h-col-auto style-700-outer style-local-754-c5-outer">
            <div data-colibri-id="754-c5" class="d-flex h-flex-basis h-column__inner h-px-lg-2 h-px-md-2 h-px-2 v-inner-lg-2 v-inner-md-2 v-inner-2 style-700 style-local-754-c5 position-relative">
              <!---->
              <!---->
              <div class="w-100 h-y-container h-column__content h-column__v-align flex-basis-100 align-self-lg-start align-self-md-start align-self-start">
                <!---->
                <div data-colibri-id="754-c6" class="h-global-transition-all h-heading style-701 style-local-754-c6 position-relative h-element">
                  <!---->
                  <div class="h-heading__outer style-701 style-local-754-c6">
                    <!---->
                    <!---->
                    <h5 class="">Fernando Isasi Ortiz de Barrón</h5>
                  </div>
                </div>
                <div data-colibri-id="754-c7" class="h-text h-text-component style-703 style-local-754-c7 position-relative h-element">
                  <!---->
                  <!---->
                  <div class="">
                    <ul>
                      <li>Licenciado en Derecho por la Universidad de Navarra, en 1993. Premio extraordinario fin de carrera.
                        <br>
                        <br>
                      </li>
                      <li>Letrado en ejercicio, colegiado en el MI Colegio de Abogados de Pamplona, desde 1993, desempeñando la actividad profesional especialmente en el área del Derecho Administrativo.
                        <br>
                        <br>
                      </li>
                      <li>Profesor Asociado de la Universidad Pública de Navarra, Departamento de Derecho, Área de Derecho Administrativo.</li>
                      <li>Coautor de obras y artículos relativos al Derecho Administrativo (Tráfico, circulación de vehículos a motor y seguridad vial, Editorial Civitas, SA, de 2004, o «Práctico de Urbanismo y Medioambiente», Editorial Aranzadi, Thomson
                        Reuters Aranzadi).
                        <br>
                        <br>
                      </li>
                      <li>Letrado externo del Departamento de Derecho de Editorial Aranzadi, Thomson Company, desde 1993, como colaborador en el análisis de jurisprudencia de los órganos jurisdiccionales en materia contencioso-administrativa.&nbsp;</li>
                    </ul>
                    <p>
                      <br>
                    </p>
                  </div>
                </div>
                <div data-colibri-id="754-c8" class="h-x-container style-721 style-local-754-c8 position-relative h-element">
                  <!---->
                  <div class="h-x-container-inner style-dynamic-754-c8-group style-721-spacing style-local-754-c8-spacing"><span class="h-button__outer style-722-outer style-local-754-c9-outer d-inline-flex h-element"><a h-use-smooth-scroll="true" href="mailto: fernandoisasi@ioreabogados.com"  data-colibri-id="754-c9" class="d-flex w-100 align-items-center h-button justify-content-lg-center justify-content-md-center justify-content-center style-722 style-local-754-c9 position-relative"><!----><!----> <span>fernandoisasi@ioreabogados.com</span></a>
                    </span>
                  </div>
                </div>
              </div>
            </div>
          </div>
        </div>
      </div>
    </div>
  </div>
</div>

<p>Fernando Isasi Ortiz de Barrón Licenciado en Derecho por la Universidad de Navarra, en 1993. Premio extraordinario fin de carrera. Letrado en ejercicio, colegiado en el MI Colegio de Abogados de Pamplona, desde 1993, desempeñando la actividad profesional especialmente en el área del Derecho Administrativo. Profesor Asociado de la Universidad Pública de Navarra, Departamento de [&hellip;]</p>

<!-- This site is optimized with the Yoast SEO plugin v26.3 - https://yoast.com/wordpress/plugins/seo/ -->
<title>Fernando Isasi Ortiz de Barrón - Iore Abogados</title>
<meta name="description" content="Conoce la trayectoria profesional y perfil Fernando Isasi." />
<meta name="robots" content="index, follow, max-snippet:-1, max-image-preview:large, max-video-preview:-1" />
<link rel="canonical" href="https://ioreabogados.com/index.php/nuestroequipoabogadospamplona/abogadofernandoisasipamplona/" />
<meta property="og:locale" content="es_ES" />
<meta property="og:type" content="article" />
<meta property="og:title" content="Fernando Isasi Ortiz de Barrón - Iore Abogados" />
<meta property="og:description" content="Conoce la trayectoria profesional y perfil Fernando Isasi." />
<meta property="og:url" content="https://ioreabogados.com/index.php/nuestroequipoabogadospamplona/abogadofernandoisasipamplona/" />
<meta property="og:site_name" content="Iore Abogados" />
<meta property="article:modified_time" content="2024-03-25T12:51:08+00:00" />
<meta name="twitter:card" content="summary_large_image" />
<meta name="twitter:site" content="@IoreAbogados" />
<meta name="twitter:label1" content="Tiempo de lectura" />
	<meta name="twitter:data1" content="1 minuto" />
<script type="application/ld+json" class="yoast-schema-graph">{"@context":"https://schema.org","@graph":[{"@type":"WebPage","@id":"https://ioreabogados.com/index.php/nuestroequipoabogadospamplona/abogadofernandoisasipamplona/","url":"https://ioreabogados.com/index.php/nuestroequipoabogadospamplona/abogadofernandoisasipamplona/","name":"Fernando Isasi Ortiz de Barrón - Iore Abogados","isPartOf":{"@id":"https://ioreabogados.com/#website"},"datePublished":"2023-12-11T09:24:18+00:00","dateModified":"2024-03-25T12:51:08+00:00","description":"Conoce la trayectoria profesional y perfil Fernando Isasi.","breadcrumb":{"@id":"https://ioreabogados.com/index.php/nuestroequipoabogadospamplona/abogadofernandoisasipamplona/#breadcrumb"},"inLanguage":"es","potentialAction":[{"@type":"ReadAction","target":["https://ioreabogados.com/index.php/nuestroequipoabogadospamplona/abogadofernandoisasipamplona/"]}]},{"@type":"BreadcrumbList","@id":"https://ioreabogados.com/index.php/nuestroequipoabogadospamplona/abogadofernandoisasipamplona/#breadcrumb","itemListElement":[{"@type":"ListItem","position":1,"name":"Portada","item":"https://ioreabogados.com/"},{"@type":"ListItem","position":2,"name":"Nuestro Equipo","item":"https://ioreabogados.com/index.php/nuestroequipoabogadospamplona/"},{"@type":"ListItem","position":3,"name":"Fernando Isasi Ortiz de Barrón"}]},{"@type":"WebSite","@id":"https://ioreabogados.com/#website","url":"https://ioreabogados.com/","name":"Iore Abogados","description":"","publisher":{"@id":"https://ioreabogados.com/#organization"},"potentialAction":[{"@type":"SearchAction","target":{"@type":"EntryPoint","urlTemplate":"https://ioreabogados.com/?s={search_term_string}"},"query-input":{"@type":"PropertyValueSpecification","valueRequired":true,"valueName":"search_term_string"}}],"inLanguage":"es"},{"@type":"Organization","@id":"https://ioreabogados.com/#organization","name":"Iore Abogados","url":"https://ioreabogados.com/","logo":{"@type":"ImageObject","inLanguage":"es","@id":"https://ioreabogados.com/#/schema/logo/image/","url":"https://ioreabogados.com/wp-content/uploads/2023/11/cropped-logoAbogadosPamplona-1.png","contentUrl":"https://ioreabogados.com/wp-content/uploads/2023/11/cropped-logoAbogadosPamplona-1.png","width":304,"height":109,"caption":"Iore Abogados"},"image":{"@id":"https://ioreabogados.com/#/schema/logo/image/"},"sameAs":["https://x.com/IoreAbogados"]}]}</script>
<!-- / Yoast SEO plugin. -->

Fernando Isasi Ortiz de Barrón - Iore Abogados
